6*o - 5. What are the prime factors of d?
2, 3
Let c be 5*(96/(-105) + 2/(-7)). Let v(z) = -2*z + 7*z + 2*z + 2*z**2 - 5. List the prime factors of v(c).
5
Suppose 120*q - 190873 = 384167. List the prime factors of q.
2, 599
Suppose 5*f - 2958 = 5342. Suppose -5*w + 14 = -2*j - 32, -16 = -4*w. List the prime factors of f/26 - 2/j.
2
Let q be -2*4/8 - -1. Suppose q = -5*s + 4 + 641. What are the prime factors of s?
3, 43
Let z(k) = k**3 - 2*k**2 + 5*k - 16. Let o(j) = j**3 + j. Let y(t) = 2*o(t) + z(t). What are the prime factors of y(3)?
2, 17
Suppose -18*t - 36 = -h - 22*t, 0 = -4*t + 8. Suppose 23*w = h*w - 10. List the prime factors of w.
2
Suppose -13214 - 36044 = -22*h. List the prime factors of h.
2239
List the prime factors of 6/69 + 374056/184.
19, 107
Let v(d) = -d**3 + 4*d**2 - 4. Let x be v(3). Suppose 0 = 5*b + 3*z + 39, 2*z = x*b - 2*b + 12. What are the prime factors of b/1*5/(-15)?
2
Suppose b + 3*b - 16 = 0. Let s be 2/b + 22/(-4). List the prime factors of 32 - (2 + s) - 2.
3, 11
Let j = 18 + -4. Let o = j - 21. Let i = 20 + o. What are the prime factors of i?
13
Suppose 0 = -2*r + 89 + 351. Suppose r = 34*w - 29*w. List the prime factors of w.
2, 11
Let v(l) = -l**3 + 12*l**2 + 9*l - 18. Let c be v(12). Suppose 126 + c = 4*d. What are the prime factors of d?
2, 3
Let k(t) = t**3 - 3*t**2 + 3*t - 4. Let s be k(3). Suppose -2*o + 17 = -5*g, s*g - 19 = -0*o - 4*o. Let p = o - 4. List the prime factors of p.
2
Let v = -24 - -29. Let y(g) = -6*g**2 + 7*g - 7. Let w(q) = 5*q**2 - 7*q + 6. Let a(m) = -5*w(m) - 4*y(m). What are the prime factors of a(v)?
2
Let m = 42 - 20. What are the prime factors of ((-53)/(-2))/(11/m)?
53
Let d = -1111 + 1888. Suppose 7*k - d = 1099. What are the prime factors of k?
2, 67
Suppose -4*l = -u + 26, 0 = -5*u + l + 12 + 42. List the prime factors of (4/u - 4630/(-50)) + 1.
2, 47
Let h(c) = -5*c**3 + 4*c**3 - 2*c + 0*c**2 + 6 - 4*c**2 - 4. Let r be h(-2). Let j(u) = 5*u**2 - u + 2. What are the prime factors of j(r)?
2, 3
Suppose 2*y - 3*y = 4, 3*y - 2613 = -5*g. What are the prime factors of 3/(-6) + g/10?
2, 13
Let m(h) be the second derivative of h**5/20 - h**4/4 + 2*h**3/3 - 3*h**2/2 - 15*h. Let t(x) = -x**2 + 6*x - 5. Let z be t(4). List the prime factors of m(z).
3
Let l(b) = 2*b**3 + 34*b**2 - 5*b - 23. List the prime factors of l(-17).
2, 31
Suppose -3*i + 2*i = -145. Suppose -50*j + 45*j = -i. What are the prime factors of j?
29
Suppose -3*j = -j - 174. Let h = j - 35. List the prime factors of h.
2, 13
Suppose 4*h + 8 + 0 = 0. Let o(p) = p**2 + 5*p + 3. Let n be o(h). Let w = 0 - n. What are the prime factors of w?
3
Let h(b) = -5*b - 17 + 2*b + b**2 + 2*b - 3*b. What are the prime factors of h(8)?
3, 5
Let a = 1296 + -176. List the prime factors of a.
2, 5, 7
What are the prime factors of 288 + (-1*(-2 - 1) - 1)?
2, 5, 29
Suppose -w + 2 = -0*w. Suppose 0 = w*s, 0 = 2*d + 4*s - 109 - 119. What are the prime factors of d?
2, 3, 19
Let s = -22 + 24. Let l(i) = 3*i**2 - 2*i**2 + 0*i**s - 2. List the prime factors of l(-3).
7
Let x(y) = y**3 + 11*y**2 - 4*y - 3. Suppose 2*c - 5 = -1, -u - 15 = -2*c. What are the prime factors of x(u)?
41
Suppose 0 = -4*p - 266 - 862. List the prime factors of 8/12*p/(-4).
47
Suppose 138 + 9 = -3*g. Let q = -75 - g. Let w = q + 52. List the prime factors of w.
2, 13
Let y(o) = -o**3 + 10*o**2 + 13*o - 15. Let j be y(11). Suppose 4*u = -19 + j, 97 = 4*f + u. What are the prime factors of f?
5
Let c(d) = -2*d + 18. Let v be c(8). Suppose 47 + 13 = v*i. What are the prime factors of i?
2, 3, 5
Let y be 4 - (-9)/6*4. Suppose y*r + 6 = 13*r. What are the prime factors of r?
2
Let t = 62 + -23. Let w = t + 66. What are the prime factors of w?
3, 5, 7
Let t = -11 - -16. Suppose 0 = 2*r - t + 1, -2*r - 6 = -2*u. Suppose 3*q + j = 100, j + j - 166 = -u*q. List the prime factors of q.
2, 17
Let i = 10 + -6. Suppose -4*w + 141 = 2*m - m, 2*w + 147 = m. Suppose n + i*n = m. What are the prime factors of n?
29
Suppose -v = x - 0*x - 1217, 0 = -3*x - 2*v + 3651. List the prime factors of x.
1217
Let t(i) be the second derivative of -11*i**3/3 + 23*i**2/2 + 2*i + 6. What are the prime factors of t(-12)?
7, 41
Let k = -29 + -11. Let c(y) = -y**3 - 8*y**2 + 27*y + 74. Let u be c(-10). Let b = u - k. List the prime factors of b.
2, 11
Let l(u) = 29*u + 33. Let v(i) = -43*i - 49. Let y(w) = 7*l(w) + 5*v(w). List the prime factors of y(-10).
2, 53
Let g = -10 - 3. Let t = -9 - g. Suppose 198 = 4*k + k + y, 4*k - 168 = t*y. What are the prime factors of k?
2, 5
Let b(z) = z**2 - 15*z. Let p be b(15). Suppose -193 = -4*j - 3*f, -5*j + 0*j + 4*f + 280 = p. What are the prime factors of j?
2, 13
Suppose -5*l + 0 = 5. What are the prime factors of 120/10 - l/1?
13
Let w(i) be the first derivative of i**4/4 + 14*i**3/3 + 17*i**2/2 - 5*i - 28. What are the prime factors of w(-11)?
3, 19
Suppose 156*n = 149*n + 1883. List the prime factors of n.
269
Let h(k) = 5*k**2 + k - 3. Let r be h(-4). Suppose -39 - r = -u. List the prime factors of u.
2, 7
Suppose 4*w - 36 = 20. Suppose -10*p = -776 - w. List the prime factors of p.
79
Let y(s) = -113*s - 311. What are the prime factors of y(-13)?
2, 3, 193
Suppose 10*m - 1034 - 116 = 0. Let k = -103 + m. List the prime factors of k.
2, 3
Suppose -w = 5*a + 20, 3*w - 4*a - 16 = -w. Let t(m) = -m**3 + m**2 - 2*m + 100. What are the prime factors of t(w)?
2, 5
Let c = 39 - 24. Suppose 2*d - 5*i = -c, -4*d - i + 3*i = -10. Let p(x) = x**3 - 4*x**2 + 2. What are the prime factors of p(d)?
3
Suppose 0 = 5*j + w - 10479 - 17891, 28370 = 5*j + 4*w. List the prime factors of j.
2, 2837
Let k(s) be the first derivative of s**4/4 + 2*s**3 + 3*s**2 + 3*s - 1. Let y be k(-4). Suppose y + 4 = 3*w. What are the prime factors of w?
5
Let b(m) = 4*m - 24. Let k be b(12). Suppose 2*s - 2*t = 68 - k, -5*s + 3*t + 108 = 0. List the prime factors of s.
3, 7
Suppose -12*z = 1096 + 668. Let n = 14 - z. List the prime factors of n.
7, 23
Suppose 74*a - 10830 = 68*a. List the prime factors of a.
5, 19
Let b = 607 + -439. What are the prime factors of b?
2, 3, 7
Let l = 772 - 463. Suppose 0 = 4*f + f - 4*b - 520, 0 = -3*f + 3*b + l. Suppose 3*u + 4*q = 103, 4*u + 3*q - f - 20 = 0. What are the prime factors of u?
29
Suppose -9*l = -11*l + 10. Let n = l - -35. List the prime factors of n.
2, 5
Let g(x) = x**3 - 5*x**2 - 4*x + 4. Let l be 6/(-1)*(-3)/(-6). Let y be (-15)/10*(-1 + l). List the prime factors of g(y).
2
What are the prime factors of (-25 + (-1584)/(-120))/((-1)/185)?
37, 59
Suppose -2 = -u - 0*u. Suppose u*x = 2*w + 12, 2*x - 3*w - 19 = -3. Suppose -3*d = -3*c + 108, x*c - 101 + 26 = -d. What are the prime factors of c?
37
Let i(n) = 227*n**2 + 3*n - 6. List the prime factors of i(-3).
2, 3, 13
Let h(b) = 5*b**2 + 15*b - 117. List the prime factors of h(-17).
29, 37
Suppose 3*i - 127*o - 1622 = -131*o, 2*i - 1063 = o. List the prime factors of i.
2, 3, 89
Let s(x) = -7*x - 2. Let w = -13 + 11. Let v be s(w). Let z = v + 8. List the prime factors of z.
2, 5
Suppose 6*k - 13 = 4*k - q, 18 = 3*k + q. Suppose k*d + 65 = u, 3*u + 2*d + 64 = 276. List the prime factors of u.
2, 5, 7
Let y(j) = 0*j**3 - 9*j**2 - 3 - 1 - j**3 + 3. Let r be y(-9). Let c = r - -29. List the prime factors of c.
2, 7
Let y be 196/(-16) - (-9)/(-12). Let a = y - -36. Suppose a = s + 1. What are the prime factors of s?
2, 11
Let d = 13 + -13. Suppose -5*j + 3*m + m + 1061 = d, 2*j = -m + 414. List the prime factors of j.
11, 19
Suppose p - 4*p - 2*y = -46, 2*p = 2*y + 34. List the prime factors of p - 12 - (1 + -13).
2
Let p(u) = 1754*u**2 - 19*u + 18. List the prime factors of p(1).
1753
Let q be (-2)/(1/(-1)) - (-98 + -2). What are the prime factors of ((-30)/(-20))/(9/q)?
17
Suppose 0 = -4*s - 238 + 602. Let a = s + -60. What are the prime factors of a?
31
What are the prime factors of (1*(-3)/(-4))/(5/5100)?
3, 5, 17
Suppose 3*a - 5*u + 426 - 10200 = 0, 5*a - 2*u = 16271. List the prime factors of a.
3253
Suppose -3299 = -16*m + 16973. List the prime factors of m.
7, 181
Let c(o) = o**2 + 44*o + 421. List the prime factors of c(-41).
2, 149
Let d = 570 + -280. What are the prime factors of d?
2, 5, 29
Suppose -25*z + 20*z + 10 = 0. List the prime factors of 101 - (0 + 5)*z/(-5).
103
Su